uppose -h*f + 3*d = f + 9, -f + 3*d - 5 = 0. Is 1/f - 54/(-4) prime?
True
Let h be (-16)/4*-3 - 4. Suppose 3*l = h*l - 955. Is l prime?
True
Let i(f) = 15*f**2 - f + 3. Let j be (-9)/9*(-1 + -4). Is i(j) composite?
False
Suppose 0*v - 3*v + 2127 = 0. Is v a prime number?
True
Let t be 12/2 + -3 - -86. Suppose t = 4*q - 3*i + 2*i, 5*q + 2*i = 121. Is q a composite number?
False
Let s(i) = -i**3 + 11*i**2 + 9*i - 2. Is s(11) prime?
True
Let b(a) = -312*a + 14. Is b(-4) prime?
False
Let t be (-4 + 3)/((-2)/4). Let a = t + 0. Suppose -3*i = -a*s - 151, -i + 4*s = 2*i - 143. Is i composite?
False
Let w = 13 + -3. Suppose -4*r + w*r = 204. Is r a prime number?
False
Let v(t) = -98*t**2 + 2*t + 1. Let c be v(-1). Let p = -149 - c. Is (p/(-3))/(8/12) a composite number?
True
Let b be 2 + (0 - 3 - -2). Let p = -2 - b. Is p/12 + 93/4 a composite number?
False
Let p(u) = -u - 1. Let m(h) = 4*h**2 + 3. Let c(v) = m(v) + 4*p(v). Suppose 4*t + 0 - 10 = -2*x, 0 = -x + 4*t - 1. Is c(x) composite?
False
Let d = 7 + -5. Suppose n - 197 = -4*y, -d*y - 546 = -4*n + 152. Is n a composite number?
True
Suppose 2*i - 4 = -0*i. Suppose -9 = -j - t, 2*j + 0 - i = 2*t. Suppose j*b = 92 + 303. Is b composite?
False
Let b(a) = a**3 - 4*a - 1. Is b(6) prime?
True
Suppose -t + 3*f = -13 + 131, -t + f - 116 = 0. Let c = -46 - t. Is c prime?
False
Let j be (-5)/(-2) + 2/(-4). Suppose a = 3*a + 4*l - 272, -j*l + 8 = 0. Suppose a = n + 2*n - 5*q, -142 = -3*n - 2*q. Is n prime?
False
Suppose -5*v + 17 = -3, 5*w + v = 1169. Is w composite?
False
Is 1 + (-4)/(-1) + (3 - 1) prime?
True
Suppose -2*x + x + 113 = 0. Let o = -78 + x. Is o a composite number?
True
Let g(p) = 7*p**2 + 3*p - 1. Let z be g(-6). Let o = -139 + z. Is o composite?
True
Let q be ((-57)/(-2))/((-9)/(-12)). Let g = 91 - q. Is g composite?
False
Let l = 2 + 285. Is l a composite number?
True
Suppose 3*c = -c + 16. Suppose -q = c*q - 1085. Is q prime?
False
Let r = 52 - 30. Is (-10)/55 - (-4206)/r prime?
True
Let z(u) = -u**3 - 8*u**2 - 6*u + 7. Let g be z(-7). Suppose -v + 4*v - 111 = g. Is v prime?
True
Let m = -1 + 0. Let u be (-1)/((m/62)/1). Suppose 4*h - u = 86. Is h a composite number?
False
Is -15*(8/24)/(1/(-191)) a prime number?
False
Let y = -29 + 11. Is 1945/45 + 4/y prime?
True
Let i(z) = 2*z + 4. Let l(w) = -1. Let x = 1 - 2. Let h(c) = x*i(c) - 8*l(c). Is h(-3) a composite number?
True
Suppose -6*q + 5395 = -1127. Is q prime?
True
Let r(x) = x**3 - 9*x**2 + 8*x + 2. Let i be r(8). Suppose i*b - 46 = -f + 6*b, -2*b = 2*f - 92. Is f a composite number?
True
Suppose -3*l + 42 = -2*n + 16, 5*l = -2*n + 38. Let a = 51 - l. Is a prime?
True
Suppose 5*p = 457 + 193. Let r = 33 + p. Is r a prime number?
True
Suppose -2*f - 2 = 0, 4*f + 8 = q - f. Is 43*q/(-9)*-3 prime?
True
Let f(a) = a**2 - 7*a + 5. Is f(-6) a composite number?
False
Suppose -283 = -5*z + 372. Suppose 3*y - 182 = 4*j - 49, -3*y + 5*j = -z. Is y a composite number?
False
Is 178/(-5 + 171/33) a prime number?
False
Let j be (4/6)/((-4)/36). Let v = 1 - j. Suppose -v + 139 = 4*a. Is a a composite number?
True
Let h = 222 + -10. Suppose 2*j = 6*j - h. Is j prime?
True
Let k(z) = -z + 3. Let f be k(0). Suppose -7 + f = c. Is -37*3/(c - -1) composite?
False
Let m = 844 + -399. Is m a prime number?
False
Suppose 0*f + 2*f = 18. Let a = f + 6. Is a prime?
False
Let o(r) = -7*r. Let n be o(1). Let t = n + 9. Suppose 57 = t*a + a. Is a prime?
True
Let u = 17 + -17. Suppose 3*b + 2*b - 935 = u. Is b a prime number?
False
Let i(k) = k**3 - 3*k**2 + 7. Is i(4) prime?
True
Suppose 4*b - 29 = -5*d, -2*b - 11 = -3*d + 2. Suppose -d*i = 2*r + r - 869, -i = 2. Is r composite?
False
Suppose -5*s + 13 - 5 = -2*m, -2*s = -m - 3. Let u be m/(-1 - 24/(-25)). Let p = u - -36. Is p a prime number?
True
Let c(x) = x - 2. Let l be c(4). Is l/9 + (-183)/(-27) composite?
False
Suppose 5*i - 2539 = -3*n, -n - 3*i = 4*n - 4253. Suppose 2*b - 4*g = -2*g + 888, n = 2*b + 5*g. Is b a composite number?
False
Suppose 0 = -3*c + 5*t + 8 + 123, -3*t + 81 = 2*c. Suppose -3*f + 46 = d, 5*f - 10 = -d + c. Is d a prime number?
True
Let t be -22 + 5/((-15)/(-6)). Is t/6*(-1 + -2) a prime number?
False
Let l(v) = -7*v - 1. Let o(n) = 6*n + 1. Let t(z) = -3*l(z) - 4*o(z). Is t(-8) a prime number?
True
Is (-6017)/(-3) - 32/48 prime?
False
Suppose 3*b = -0*b - 27. Let n(c) = -9*c**2 - 7*c - 1. Let t(k) = 19*k**2 + 15*k + 2. Let s(y) = b*n(y) - 4*t(y). Is s(-2) prime?
False
Let z(k) = k**3 + 13*k**2 + 9*k + 7. Let f(m) = m**3 + 12*m**2 + 8*m + 6. Let y(d) = 6*f(d) - 5*z(d). Is y(-6) a composite number?
False
Let r(l) = l**3 - 2*l**2 - 2*l - 1. Suppose g - 3 = -0. Let t be r(g). Suppose t*j = j + 7. Is j composite?
False
Suppose -25 = -5*z - 0*z. Suppose -5*d + 210 = -z*a, -5*d - 2*a = -3*d - 64. Is d a composite number?
False
Suppose 3*t - 4 = -v, -2*t - 2*t + 10 = -v. Suppose 2*x = -s + 8, 2 = -2*s + t*x - 6. Suppose s*n - 3 = -n. Is n composite?
False
Suppose 4895 = 10*r - 5*r. Is r prime?
False
Let f(t) = 26*t + 5. Suppose 3*q - 7 = 2*q. Is f(q) a prime number?
False
Suppose -z = 2*z - 4*m - 1327, -2*m + 459 = z. Is z composite?
False
Suppose -i = 3*x - 12 - 18, -5*x - 104 = -2*i. Suppose -2*b = -2*s + 26 + i, 161 = 4*s + b. Is s prime?
False
Let o(a) = 22*a - 3. Let y(x) = -x + 14. Let h be y(10). Let j be o(h). Let b = j + -32. Is b a composite number?
False
Let x(h) = h**3 + h + 235. Is x(0) prime?
False
Let i = 18 + -13. Suppose -g + i*g = 148. Is g a composite number?
False
Let p(t) = t + 4. Let k = -2 + -5. Let s be p(k). Is (3/(-6))/(s/714) a composite number?
True
Let d(h) = 5*h + 5. Let p(r) = 5*r**3 - 2*r**2 + r. Let y be p(1). Suppose -2*v - y*z = -z, 0 = -3*v + 3*z + 30. Is d(v) composite?
True
Let o(m) = 26*m - 3. Let x = 18 + -13. Is o(x) composite?
False
Suppose 2*v = 7*v + 15. Is -1*7*3/v a prime number?
True
Let j = 12 + -8. Is (j/(-8))/(2/(-124)) composite?
False
Suppose 0 = -3*l + 4*o - 18, 3*o = -0*l - 5*l - 1. Let s be 8/2*(l - -3). Suppose s*w + 38 = u, 5*u + 0*w = -4*w + 94. Is u prime?
False
Suppose 0*q - 19 = -3*d - 2*q, 3 = d + 4*q. Suppose 2*t + 230 = d*t. Is t a composite number?
True
Suppose -4 = h + 3. Let t = -4 - h. Is t a composite number?
False
Let l be -3*222/45*-15. Suppose 0*q + 2*q - l = 0. Is q a composite number?
True
Let d = 4416 - 3055. Is d composite?
False
Let p = 518 - -475. Is p prime?
False
Let d be 1/(-2) + (-18)/(-4). Suppose d*v - 19 = -7. Suppose -v*o + 140 + 121 = 0. Is o prime?
False
Let c(l) = -11*l - 5. Let m = -22 - -43. Suppose -a - m + 9 = 0. Is c(a) a prime number?
True
Suppose 7*t + 19 = -2. Is 1/(t + 4206/1401) a prime number?
True
Let z(m) be the third derivative of -m**4/24 + 4*m**3/3 + 4*m**2. Let q be z(7). Let u(w) = 183*w**3. Is u(q) a composite number?
True
Suppose -5*h + 6*h = -3*q + 3523, 0 = 3*q - 2*h - 3520. Is q prime?
False
Suppose -r + 26 = -60. Suppose h - r = -19. Suppose 6*v + 95 = 5*a + 2*v, -4*a = -5*v - h. Is a a prime number?
True
Let t = 288 - 23. Is t composite?
True
Suppose 3*x + 2*j = -26, 0 = -4*x - 3*j - 48 + 14. Let b = x + 16. Is b composite?
True
Is (-16)/88 + (-2)/((-44)/11730) a prime number?
False
Is 2 - 2 - (6 + -1249) a composite number?
True
Let a be 7 + -4 + 0 + 17. Suppose 2*x = -5*i - 0*i + 240, -3*x = -i - 394. Suppose -q + 2*q = 3*b + a, -x = -4*q + 2*b. Is q prime?
False
Suppose -2*i = 3*i - 245. Let q = i + -12. Is q composite?
False
Let s = -2 - -1. Let r = -1 - s. Is (0 + -13)*(-1 - r) a prime number?
True
Let i be 46/(-3)*3/2. Let p = i - -310. Is p a prime number?
False
Suppose 4*v - 1528 = -0*v. Let b = v - 221. Is b a prime number?
False
Suppose 0 = 5*c - 6634 - 8856. Is c prime?
False
Let y(h) = 292 - h**2 + 248 + 137. Is y(0) prime?
True
Suppose 0 = -2*f - 2*f + 3964. Is f a composite number?
False
Suppose 8 - 1533 = -5*c. Is c prime?
False
Let b = 7 - -48. Let q = -29 + b. Is q a prime number?
False
Let v be -6*(-5)/(5/(-2)). Let h be (-3)/4 + (-57)/v. Suppose 0 = -h*o - 0*o + 220. Is o composite?
True
Let b = -5 + 10. Let k = 40 + 26. Suppose b*s - k = 29. Is s composite?
False
Let x(m) = 3*m + 4. Let s(d) = -2*d - 2. Let i(y) = 5*s(y) + 2*x(y). Let a be -2 + (4 + -3 - 3). Is i(a) prime?
False
Suppose -4*b + 9*b = 2*c - 1, -4*c + 2*b = -26. Let y = c - 4. Suppose 224 